e?
False
Is 21918335498 prime?
False
Is 536160743 prime?
True
Is 1620190513 a prime number?
True
Is 71976973493 prime?
True
Is 17705934559 a prime number?
False
Is 25545708989 a prime number?
True
Is 455959981 a composite number?
True
Is 25701297179 a composite number?
False
Is 1109253659 prime?
False
Is 20545087481 a prime number?
False
Is 117448487519 a composite number?
True
Is 1833530917 a composite number?
False
Is 108216760693 a composite number?
True
Is 1666584217 composite?
False
Is 1335201113 prime?
False
Is 373287571 composite?
True
Is 13239333979 composite?
True
Is 38806144381 a composite number?
True
Is 4545816257 a composite number?
True
Is 913153789 prime?
True
Is 1309492273 a composite number?
False
Is 9799851185 composite?
True
Is 2110239181 a prime number?
False
Is 22763018851 composite?
False
Is 54598962111 composite?
True
Is 2160200407 a composite number?
False
Is 11494805689 a composite number?
False
Is 124702387 a composite number?
True
Is 246952049 prime?
True
Is 6533350651 prime?
False
Is 109987698019 a prime number?
False
Is 146400799 composite?
True
Is 2932498093 a composite number?
True
Is 30993026359 prime?
False
Is 93482029805 prime?
False
Is 6621476843 a prime number?
True
Is 7964450693 composite?
False
Is 14528480543 a prime number?
False
Is 11157161 composite?
True
Is 1464519883 a prime number?
False
Is 90463976621 a prime number?
True
Is 237748279 a prime number?
True
Is 309038113 composite?
True
Is 252898002307 a composite number?
True
Is 3426765313 a prime number?
True
Is 22817216699 prime?
False
Is 373551359 composite?
False
Is 1901456917 composite?
True
Is 35521495939 prime?
False
Is 3629014423 a prime number?
False
Is 3117002111 a composite number?
True
Is 171901451 prime?
True
Is 328056709 a prime number?
False
Is 271290419 composite?
True
Is 333647932289 a prime number?
False
Is 111729509 composite?
False
Is 1626432283 a prime number?
False
Is 89764287143 a prime number?
True
Is 1652825887 composite?
True
Is 127413067 a composite number?
True
Is 12637938647 a composite number?
False
Is 19850131247 a composite number?
False
Is 284804306 a prime number?
False
Is 71556563473 composite?
False
Is 95643418721 prime?
False
Is 2707935638 a composite number?
True
Is 15341196251 a composite number?
False
Is 68766506449 prime?
False
Is 8589247273 a composite number?
True
Is 188756427337 composite?
False
Is 1921903771 composite?
True
Is 257371243 a prime number?
True
Is 12470715337 composite?
False
Is 79906303 composite?
True
Is 1146824473 prime?
True
Is 17315462167 composite?
False
Is 293619821 composite?
True
Is 254744843 prime?
True
Is 476649109 a composite number?
True
Is 224499733 composite?
True
Is 133652971 a composite number?
False
Is 4245717811 a composite number?
False
Is 921521891 composite?
False
Is 81555604073 a composite number?
False
Is 4012175029 a prime number?
True
Is 375498421559 a prime number?
True
Is 7674888365 a prime number?
False
Is 612935957 a composite number?
True
Is 63885628231 composite?
False
Is 2693402597 a prime number?
False
Is 56584797769 a composite number?
True
Is 1815797443 composite?
False
Is 9755854607 a prime number?
True
Is 3051156541 composite?
False
Is 2123657281 prime?
True
Is 89042047 composite?
False
Is 1539989861 a composite number?
False
Is 80459551799 a prime number?
False
Is 123629816051 a prime number?
False
Is 16447692773 composite?
True
Is 205195579 a composite number?
False
Is 339029609 prime?
False
Is 94175358357 a composite number?
True
Is 10313825773 a composite number?
True
Is 129080751599 a composite number?
False
Is 4068535993 composite?
False
Is 10805585485 composite?
True
Is 73808033149 composite?
False
Is 2820562211 prime?
True
Is 4094375179 composite?
True
Is 1412307161 composite?
False
Is 2365400827 a prime number?
False
Is 76177634069 prime?
True
Is 1334147579 prime?
False
Is 209288339393 composite?
True
Is 174444668003 a prime number?
False
Is 3605500739 a prime number?
False
Is 27508868481 composite?
True
Is 475853251 prime?
True
Is 34323162787 composite?
False
Is 10359495563 a composite number?
True
Is 8113584091 a prime number?
False
Is 22234934077 prime?
False
Is 409611589 a composite number?
True
Is 383179283 composite?
False
Is 6085568017 a prime number?
False
Is 47574986867 composite?
False
Is 984029923 a composite number?
False
Is 176356483 prime?
True
Is 2442144493 composite?
True
Is 1493786899 composite?
True
Is 1910973313 composite?
False
Is 2538614593 a prime number?
True
Is 42739487 prime?
False
Is 12193882117 prime?
False
Is 5034014467 a prime number?
True
Is 1210555051 a composite number?
True
Is 8068125529 a composite number?
True
Is 1244430839 a prime number?
False
Is 14342855503 prime?
True
Is 1797327121 a composite number?
True
Is 59682624257 composite?
False
Is 6993890989 a prime number?
False
Is 101794338937 composite?
True
Is 12742079749 a prime number?
False
Is 982447333 composite?
True
Is 823841563 prime?
False
Is 362729909 a prime number?
False
Is 24132169741 a composite number?
False
Is 131073294931 composite?
False
Is 6367971803 a prime number?
False
Is 12299668319 composite?
True
Is 14252531 prime?
True
Is 2360325659 a prime number?
True
Is 122202109 a composite number?
False
Is 47564368771 prime?
False
Is 406456223 a prime number?
False
Is 4245052687 composite?
False
Is 24357325393 a prime number?
False
Is 25399380397 a composite number?
False
Is 982847461 prime?
True
Is 19696576811 prime?
True
Is 389441059 composite?
True
Is 367168213 a prime number?
True
Is 1591549301 a composite number?
False
Is 5791061047 a prime number?
False
Is 1265928511 prime?
False
Is 79824427 prime?
True
Is 8075445809 a prime number?
False
Is 34983480167 a prime number?
False
Is 319988521 a prime number?
True
Is 55230226993 a composite number?
False
Is 33725256769 prime?
True
Is 2081058407 a composite number?
True
Is 2544475657 a prime number?
True
Is 12136627 prime?
False
Is 203639620378 a prime number?
False
Is 12871721 composite?
True
Is 32622918871 prime?
False
Is 1138321403 a composite number?
False
Is 69497051579 a composite number?
False
Is 1328334197 prime?
False
Is 65157818887 prime?
False
Is 297699481 prime?
True
Is 3812251511 composite?
True
Is 1565173447 composite?
True
Is 1254435557 a composite number?
False
Is 6401781709 a composite number?
False
Is 392304089 composite?
False
Is 1981458251 a composite number?
True
Is 15904275953 a prime number?
False
Is 3134389198 a composite number?
True
Is 36165819121 a composite number?
False
Is 25952052901 composite?
False
Is 29413969187 a composite number?
True
Is 1480015655 prime?
False
Is 202416530507 a composite number?
False
Is 341035349 composite?
False
Is 460492661 a prime number?
True
Is 2164470466 a composite number?
True
Is 15734305 prime?
False
Is 22306867003 prime?
True
Is 54392483 a composite number?
False
Is 13285804117 a composite number?
False
Is 1441410991 prime?
True
Is 947611361 composite?
False
Is 394040285 a prime number?
False
Is 302831038 a prime number?
False
Is 1726591271 composite?
False
Is 125541821057 prime?
True
Is 4171514735 prime?
False
Is 4318747021 composite?
False
Is 973095083 prime?
False
Is 1492780483 prime?
True
Is 52321328881 a prime number?
False
Is 11689543319 a prime number?
True
Is 107477897654 a prime number?
False
Is 15363161849 a prime number?
False
Is 238102798 composite?
True
Is 1405129919 prime?
True
Is 15500920609 composite?
True
Is 208953665 composite?
True
Is 44486482043 a composite number?
False
Is 413649697 a composite number?
True
Is 44804220693 a prime number?
False
Is 59249041907 a prime number?
False
Is 3717805963 a composite number?
False
Is 9833271586 a prime number?
False
Is 2495154901 composite?
False
Is 3959700221 a prime number?
False
Is 29308148423 a prime number?
True
Is 6244896829 prime?
True
Is 22395024331 prime?
True
Is 688235623 prime?
True
Is 699727783 a composite number?
True
Is 2232704381 a composite number?
True
Is 1652422591 a composite number?
False
Is 551063558 prime?
False
Is 632339031 prime?
False
Is 2208482531 prime?
False
Is 5432988637 a composite number?
False
Is 27364580483 prime?
False
Is 65630387 composite?
True
Is 3640393223 a composite number?
False
Is 3742090897 composite?
True
Is 61539946141 composite?
